What is the remainder when 18 is divided by v?
2
Let x(q) = -4*q**3 + q**2 + 38*q + 38. What is the remainder when 151 is divided by x(-1)?
1
Let u be (-1 - (-28)/(-8))/(6/8). Calculate the remainder when 57 is divided by u/((-1)/((-10)/(-4))).
12
Let i = 77 - 53. Suppose -2*o - 2*r = -116 + i, 5*o = 2*r + 195. What is the remainder when o is divided by 9?
5
Suppose 0 = -4*l + 4*z + 248, 5*l + 2*z = 126 + 212. Let h = l - 16. Calculate the remainder when h is divided by 17.
16
Let x(l) = 20*l**2 + 2*l - 1. Suppose -6*v + 0 = -12. Suppose 5*w + v*h - 52 = w, -2*w - 5*h = -42. What is the remainder when x(1) is divided by w?
10
Suppose -10*n = -5*n. Suppose n = -2*j + f + 33, -50 = -8*j + 3*j - 4*f. What is the remainder when j is divided by 8?
6
Let p(o) = -o**3 + 11*o**2 - 7*o - 6. Suppose 6*y - 2*y = 40. What is the remainder when 93 is divided by p(y)?
21
Let i(m) = -m**2 + 13*m + 50. What is the remainder when 254 is divided by i(9)?
82
Let k = -79 - -157. Calculate the remainder when 230 is divided by k.
74
Let q(p) = -13*p. Calculate the remainder when q(-6) is divided by 28.
22
Let j(c) = 2*c**2 + c + 1. Let g(l) = -1 - 15*l + 6 + 14*l - 6 + 4*l**2. What is the remainder when g(-2) is divided by j(2)?
6
Let j(t) = 2*t + 5. Let g be j(0). Suppose 45 = g*y - 450. Calculate the remainder when y is divided by 34.
31
Let n(p) = p**2 + 20*p + 2. Let f be n(-20). Let m = 49 - f. What is the remainder when 232 is divided by m?
44
Let m(p) = p**3 + 7*p**2 + 2. Let r = -9 + 2. Let q be m(r). Suppose 4*k + 6 = 2*o + 2, k - q = 0. Calculate the remainder when 23 is divided by o.
5
Let b(p) = 2*p + 8. Let x be b(-7). What is the remainder when ((-57)/x)/(1/2) is divided by (-1 - -6 - -2) + -2?
4
Suppose -k + 4*s = 3*s - 8, -3*k - 3*s = -54. Calculate the remainder when k is divided by 1.
0
Let k(g) = 7*g**3 - g**2 + 50. Suppose -5*v - 4*j = -69, 5*j - 11 - 46 = -4*v. What is the remainder when k(0) is divided by v?
11
Suppose -i = g - 93, -4*g + 61 = -2*i + 259. Calculate the remainder when i is divided by 8.
7
Let v(r) = r + 4. Let b = 35 + -35. Suppose 4*s - 4*i - 32 = b, -s + 2*i = 4*i - 17. What is the remainder when s is divided by v(3)?
4
Suppose -44*m - 44*m = -3608. Calculate the remainder when 300 is divided by m.
13
Let h = -1299 - -1364. Suppose 2*x = 5*x - l - 55, -16 = 4*l. Calculate the remainder when h is divided by x.
14
Suppose 5*l - 948 = -3*r, 0 = -12*l + 15*l + 2*r - 568. What is the remainder when l is divided by 16?
0
What is the remainder when (11*10/330)/(1/543) is divided by 11?
5
Let a = 12 + -10. Suppose 5*u - 39 = a*u. Calculate the remainder when 51 is divided by u.
12
Let m be (-6)/(4/((-80)/(-6))). Let v = 13 + m. What is the remainder when 34 is divided by ((-12)/7)/(1/v)?
10
Let a(z) = 16*z**2 + 12*z + 10. Let b be a(-4). Let p = -118 + b. What is the remainder when p is divided by 27 + 1/1*-1?
22
Suppose 0 = u + b - 2*b - 98, -4*b - 113 = -u. Calculate the remainder when u is divided by 12.
9
Let g = -44 - -61. Suppose -4*n + 3*b = -55, 0 = 5*n - 5*b - g - 53. Let y = 64 + -27. Calculate the remainder when y is divided by n.
11
Suppose 4*g + 20 = -2*m + 6*g, 0 = m + 5*g - 14. What is the remainder when 23 is divided by 4*-1 + (11 - m)?
10
Suppose -3*r - 2*r + 15 = 0. Let n(z) = -4*z**3 - 3 + 3*z + 3*z**3 + 0*z**3 + 4*z**2 + 0*z**r. What is the remainder when n(3) is divided by 6?
3
Let m(c) = 65*c + 162. What is the remainder when m(10) is divided by 51?
47
Let b = -6 + 12. Suppose -b*k + 231 = -3*k. What is the remainder when k is divided by 10?
7
Calculate the remainder when 602 is divided by ((-726)/(-4))/((-36)/(-24)).
118
Suppose 0 = 2*t + 2*f - 162, 2*f + 27 = -4*t + 361. What is the remainder when t is divided by 18?
14
Calculate the remainder when ((-12)/36)/((-1)/105) is divided by 13.
9
Let h be 2 + -5 - 39/(-1). Suppose 0*b = 5*b - 25. Suppose b*z - 134 = h. Calculate the remainder when z is divided by 9.
7
Let w(v) = 3*v**2 - v - 11. Let q be (-20)/(-40)*((-12)/(-1))/1. Calculate the remainder when w(q) is divided by 19.
15
Let w(t) = -5*t + 17. Let z be w(5). What is the remainder when 29 is divided by (-3)/7 - -57*z/(-84)?
4
Suppose -5*d - 23 = 2, 0 = 4*b + d - 3. Suppose -b*u = -58 - 84. Calculate the remainder when u is divided by 9.
8
Let x(u) = 2*u - 7. Let m be x(4). Let j be -3 + 3 + 0/m. Calculate the remainder when 110 is divided by 4 + j + 32 - -1.
36
Let g = -3 + 8. Let f be (-205)/(-25) + (-1)/g. Let o = -1 + f. Calculate the remainder when 26 is divided by o.
5
Suppose -3*u - 5*w = 5 - 0, -5*u + 4*w + 41 = 0. Let i = u - -6. What is the remainder when 19 is divided by i?
8
Suppose -3*b = -b - 486. Suppose -5*v - 3*p = p + 872, 2*v - p = -341. Let s = v + b. What is the remainder when s is divided by 24?
23
Let t = -428 - -430. What is the remainder when 2 is divided by t?
0
Let s(m) = 2*m**2 - 16*m - 56. Calculate the remainder when 14 is divided by s(11).
4
Let u be ((-4)/(-4))/(1/29). Suppose -u*d = -33*d + 76. Calculate the remainder when 49 is divided by d.
11
Suppose 34*f + 18*f = 2912. What is the remainder when f is divided by 25?
6
Suppose 5*b + 528 = 2*i, -2*i = -5*b + b - 530. Suppose 0 = -4*z - 101 + i. Calculate the remainder when z is divided by 15.
12
Suppose -2*a = -a - 52. Suppose -9 - 126 = -15*s. Calculate the remainder when a is divided by s.
7
Suppose 2*s = -2*y + 6, y + 3*y + s = 3. Suppose 2*f = -2*w + 84, -5*f - 3*w + 126 + 94 = y. What is the remainder when 232 is divided by f?
44
Let p = 5 + 2. Let m be 2/p + 292/7. What is the remainder when 17 is divided by 371/m + 2/12?
8
Let r be 28/6 - (40/15 + -2). Suppose 3*d = r*i + 185, i + 3*i - 145 = -3*d. Calculate the remainder when d is divided by 15.
10
Calculate the remainder when (12*9/144)/(2/376) is divided by 8.
5
Suppose 16 - 14 = -2*v, -v = -2*u + 5. Let t = 1 + 1. Calculate the remainder when t is divided by u.
0
Suppose 2*v + 4*o = 42, -4*v - v - 2*o = -129. Suppose v*y - 64 = 23*y. What is the remainder when 78 is divided by y?
14
Let j(f) = -f**2 + 67*f - 169. Let g be (-3 - -2)/((-2)/8). Suppose -g*w - 12 = -4, 278 = 4*o - 3*w. What is the remainder when o is divided by j(64)?
22
Let n(p) = p**3 - 5*p**2 - 19*p - 2. Let x = -89 - -160. What is the remainder when x is divided by n(8)?
33
Let a(t) = t**3 + 30*t**2 + 44*t + 31. What is the remainder when a(-28) is divided by 37?
34
Suppose 0 = 9*u - 5*u. Suppose 5*v - 2*v - 189 = u. Suppose 0 = -6*f + 3*f + v. What is the remainder when 62 is divided by f?
20
Let g(t) = -3*t**2 - 2*t**3 + 10*t + 9 + 6*t**3 - 9*t - 5*t**3. What is the remainder when 81 is divided by g(-4)?
18
Suppose -s + 2 = -1. Suppose 4*z + 49 = 9. Let o(k) = k**2 + 9*k - 4. What is the remainder when o(z) is divided by s?
0
Let y(h) = h**3 + 5*h**2 - 24*h - 38. Calculate the remainder when y(-7) is divided by (-20)/(-6)*(-9)/(-3).
2
Let i(t) = -4*t**2 + t**3 + t + 5 - 3 + 4 + 11*t**2. Let g be i(-6). Suppose 0 = -f + 36 + g. Calculate the remainder when f is divided by 25.
22
Let c = 12 + -19. Let i = 14 + c. Suppose s + 5*t = 5*s - 67, 0 = -4*t + 4. Calculate the remainder when s is divided by i.
4
Let r = 121 + 29. What is the remainder when r is divided by 38?
36
Let g = -981 + 1060. What is the remainder when g is divided by 28?
23
Let j(l) = -25*l**3 - l**2. Let a be j(-1). Suppose -19*i = -a*i + 195. Suppose 5*s = s + 80. What is the remainder when i is divided by s?
19
Let s = -11 + 25. Calculate the remainder when 2/1 + (41 - -9) is divided by s.
10
Let x be (-102)/5*(-10)/3. Let c = 77 - x. Calculate the remainder when c is divided by 4.
1
Let d = 25 + -23. Suppose 44 = n - 4*h, -5*h + h + 64 = d*n. What is the remainder when 107 is divided by n?
35
Let j(k) = 43*k + 810. What is the remainder when 168 is divided by j(-18)?
24
Let q be -3 + -4*(-6)/8. Suppose q = -2*o + l + 3*l, -o = -l - 1. Calculate the remainder when 11 is divided by o.
1
Let k(x) = x**2 - 9*x + 105. What is the remainder when k(-18) is divided by 12?
3
Suppose -3*q + 20 = 4*m - 6*q, -3*q = 5*m + 2. Let s(a) = 0 + a**m + 3*a**3 + 8 - 2*a**3 - 10*a**2. What is the remainder when 22 is divided by s(9)?
6
Suppose 2*d + 2*d = -p - 17, 8 = -p + 5*d. Let k = 30 + p. What is the remainder when k is divided by (3/(